{"id":747,"date":"2018-10-12T11:23:33","date_gmt":"2018-10-12T11:23:33","guid":{"rendered":"https:\/\/partnom.at\/?page_id=747"},"modified":"2018-10-12T12:52:41","modified_gmt":"2018-10-12T12:52:41","slug":"wanderlust","status":"publish","type":"page","link":"https:\/\/partnom.at\/index.php\/wanderlust\/","title":{"rendered":"Wanderlust"},"content":{"rendered":"<section   class=\"fw-main-row  auto  fw-section-position-back\"    >\n\t\t\t<div class=\"fw-container\" >\n\t\t<div class=\"fw-row\">\n\t<div id=\"column-69f3cb1c321c7\" class=\"fw-col-sm-12 tf-sh-4d618f812eb66ff6813b2225247ee327\" >\n\t<div class=\"fw-wrap-col-inner clearfix  \"   >\n\t\t\t\t<div class=\"fw-col-inner\">\n\t\t\t\t\t<\/div>\n\t<\/div>\n<\/div><\/div>\n\n<div class=\"fw-row\">\n\t<div id=\"column-69f3cb1c33330\" class=\"fw-col-sm-4 tf-sh-102d6616da531406bb100f557d1e8e3f  fw-animated-element\" data-animation-type=\"fadeInUp\" data-animation-delay=\"200\">\n\t<div class=\"fw-wrap-col-inner clearfix  \"   >\n\t\t\t\t<div class=\"fw-col-inner\">\n\t\t\t<div class=\"fw-text-box tf-sh-fa4c06b17a4a07aa3a30397718ac88c3  fw-animated-element\"  data-animation-type=\"fadeInUp\" data-animation-delay=\"200\">\n\t<div class=\"fw-text-inner\">\n\t\t<h4>Wanderlust<\/h4>\n<p>Entdecken Sie die Vielfalt der Wanderlust von Partnom bis Rothenbrunnen. Ob geselliger Familienausflug, anspruchsvolle Gipfeltouren, idyllische Bergseen oder beeindruckende Panoramen. Hier ist f\u00fcr jeden etwas dabei.<\/p>\n<p>&nbsp;<\/p>\n\t<\/div>\n<\/div><div class=\"text-left\">\t<a href=\"https:\/\/www.vorarlberg-alpenregion.at\/de\/walsertal\/wanderwelt-biosphaerenpark-grosses-walsertal.html\" target=\"_blank\" class=\"fw-btn tf-sh-eadaf33195c1c266d34d56250afbe412  fw-btn-md   fw-animated-element fw-btn-2\"  data-animation-type=\"fadeInUp\" data-animation-delay=\"200\" rel=\"nofollow\" style=\"\">\n\t\t<span >\n\t\t\tROUTEN ENTDECKEN\t\t<\/span>\n\t<\/a>\n<\/div>\t\t<\/div>\n\t<\/div>\n<\/div><div id=\"column-69f3cb1c348ea\" class=\"fw-col-sm-8 tf-sh-3ccd2149021979164111beabe80a58b3  fw-animated-element\" data-animation-type=\"fadeInUp\" data-animation-delay=\"200\">\n\t<div class=\"fw-wrap-col-inner clearfix  \"   >\n\t\t\t\t<div class=\"fw-col-inner\">\n\t\t\t\n\t\n\t\t<div class=\"fw-block-image-parent  fw-animated-element \"  data-animation-type=\"fadeInUp\" data-animation-delay=\"200\" style=\"width: 100%; \">\n\t\t\t<span class=\"fw-block-image-child fw-ratio-3-2 fw-ratio-container\">\n\t\t\t\t<noscript itemscope itemtype=\"https:\/\/schema.org\/ImageObject\" itemprop=\"image\"><img src=\"https:\/\/partnom.at\/wp-content\/uploads\/2018\/07\/IMG_5958-1.jpg\"  alt=\"Bergwelt\" data-maxdpr=\"1.7\" class=\"lazyload\" \/><meta itemprop=\"url\" content=\"https:\/\/partnom.at\/wp-content\/uploads\/2018\/07\/IMG_5958-1.jpg\"><meta itemprop=\"width\" content=\"5472\"><meta itemprop=\"height\" content=\"3648\"><\/noscript><img src=\"data:image\/gif;base64,R0lGODlhAQABAIAAAAAAAP\/\/\/yH5BAEAAAAALAAAAAABAAEAAAIBRAA7\" data-sizes=\"auto\" data-srcset=\"https:\/\/partnom.at\/wp-content\/uploads\/2018\/07\/IMG_5958-1-300x200.jpg 300w, https:\/\/partnom.at\/wp-content\/uploads\/2018\/07\/IMG_5958-1-768x512.jpg 768w, https:\/\/partnom.at\/wp-content\/uploads\/2018\/07\/IMG_5958-1-1024x683.jpg 1024w, https:\/\/partnom.at\/wp-content\/uploads\/2018\/07\/IMG_5958-1-600x400.jpg 600w, https:\/\/partnom.at\/wp-content\/uploads\/2018\/07\/IMG_5958-1-1200x800.jpg 1200w, https:\/\/partnom.at\/wp-content\/uploads\/2018\/07\/IMG_5958-1.jpg 5472w\"   alt=\"Bergwelt\" data-maxdpr=\"1.7\" class=\"lazyload\" \/>\t\t\t\t\t\t\t<\/span>\n\t\t<\/div>\n\n\t\n\t\t<\/div>\n\t<\/div>\n<\/div><\/div>\n\n<div class=\"fw-row\">\n\t<div id=\"column-69f3cb1c37bcf\" class=\"fw-col-sm-4 tf-sh-19347a2b9ca145cf3926175707701cbf  fw-animated-element\" data-animation-type=\"fadeInUp\" data-animation-delay=\"200\">\n\t<div class=\"fw-wrap-col-inner clearfix  \"   >\n\t\t\t\t<div class=\"fw-col-inner\">\n\t\t\t\n\t\n\t\t<div class=\"fw-block-image-parent  fw-animated-element fw-image-moving fw-image-horizontal-moving fw-image-moving-on-hover fw-block-image-center\"  data-animation-type=\"fadeInUp\" data-animation-delay=\"300\" style=\"width: 400px; \">\n\t\t\t<span class=\"fw-block-image-child fw-noratio fw-ratio-container\">\n\t\t\t\t<noscript itemscope itemtype=\"https:\/\/schema.org\/ImageObject\" itemprop=\"image\"><img src=\"https:\/\/partnom.at\/wp-content\/uploads\/2018\/10\/Wanderlust_Icon.png\"  alt=\"Wanderlust_Icon\" data-maxdpr=\"1.7\" width=\"400\" class=\"lazyload\" \/><meta itemprop=\"url\" content=\"https:\/\/partnom.at\/wp-content\/uploads\/2018\/10\/Wanderlust_Icon.png\"><meta itemprop=\"width\" content=\"3370\"><meta itemprop=\"height\" content=\"2384\"><\/noscript><img src=\"data:image\/gif;base64,R0lGODlhAQABAIAAAAAAAP\/\/\/yH5BAEAAAAALAAAAAABAAEAAAIBRAA7\" data-sizes=\"auto\" data-srcset=\"https:\/\/partnom.at\/wp-content\/uploads\/2018\/10\/Wanderlust_Icon.png\"   alt=\"Wanderlust_Icon\" data-maxdpr=\"1.7\" width=\"400\" class=\"lazyload\" \/><span class=\"fw-after-no-ratio\" style=\"padding-bottom: 70.741839762611%\"><\/span>\t\t\t\t\t\t\t<\/span>\n\t\t<\/div>\n\n\t\n\t\t<\/div>\n\t<\/div>\n<\/div><div id=\"column-69f3cb1c39d2d\" class=\"fw-col-sm-8 tf-sh-7eda680a198be31627270fa2c870da95  fw-animated-element\" data-animation-type=\"fadeInUp\" data-animation-delay=\"200\">\n\t<div class=\"fw-wrap-col-inner clearfix  \"   >\n\t\t\t\t<div class=\"fw-col-inner\">\n\t\t\t<div class=\"fw-text-box tf-sh-4e497680e352058674a9263f06258c11 \" >\n\t<div class=\"fw-text-inner\">\n\t\t<h4>Sch\u00f6nheiten ungest\u00f6rter Natur<\/h4>\n<p>Zusammen mit dem Alpen-Gasthof Bad Rothenbrunnen bildet das Alpen-Chalet Partnom die Verbindung der Wanderlust im Gro\u00dfen Walsertal.<\/p>\n<p>&nbsp;<\/p>\n\t<\/div>\n<\/div>\t\t<\/div>\n\t<\/div>\n<\/div><\/div>\n\n<div class=\"fw-row\">\n\t<div id=\"column-69f3cb1c3bcce\" class=\"fw-col-sm-12 tf-sh-3ccad3f37f109295cf69afee2878614d  fw-animated-element\" data-animation-type=\"fadeInUp\" data-animation-delay=\"200\">\n\t<div class=\"fw-wrap-col-inner clearfix  \"   >\n\t\t\t\t<div class=\"fw-col-inner\">\n\t\t\t\n\t\n\t\t<div class=\"fw-block-image-parent  \"  style=\"width: 100%; \">\n\t\t\t<span class=\"fw-block-image-child fw-noratio fw-ratio-container\">\n\t\t\t\t<noscript itemscope itemtype=\"https:\/\/schema.org\/ImageObject\" itemprop=\"image\"><img src=\"https:\/\/partnom.at\/wp-content\/uploads\/2018\/10\/Alpen-Chalet_Partnom_Wanderlust_Bild.jpg\"  alt=\"Alpen-Chalet_Partnom_Wanderlust_Bild\" data-maxdpr=\"1.7\" class=\"lazyload\" \/><meta itemprop=\"url\" content=\"https:\/\/partnom.at\/wp-content\/uploads\/2018\/10\/Alpen-Chalet_Partnom_Wanderlust_Bild.jpg\"><meta itemprop=\"width\" content=\"4768\"><meta itemprop=\"height\" content=\"3370\"><\/noscript><img src=\"data:image\/gif;base64,R0lGODlhAQABAIAAAAAAAP\/\/\/yH5BAEAAAAALAAAAAABAAEAAAIBRAA7\" data-sizes=\"auto\" data-srcset=\"https:\/\/partnom.at\/wp-content\/uploads\/2018\/10\/Alpen-Chalet_Partnom_Wanderlust_Bild.jpg\"   alt=\"Alpen-Chalet_Partnom_Wanderlust_Bild\" data-maxdpr=\"1.7\" class=\"lazyload\" \/><span class=\"fw-after-no-ratio\" style=\"padding-bottom: 70.679530201342%\"><\/span>\t\t\t\t\t\t\t<\/span>\n\t\t<\/div>\n\n\t\n\t\t<\/div>\n\t<\/div>\n<\/div><\/div>\n\n\t<\/div>\n\t<\/section>\n","protected":false},"excerpt":{"rendered":"<p>Wanderlust Entdecken Sie die Vielfalt der Wanderlust von Partnom bis Rothenbrunnen. Ob geselliger Familienausflug, anspruchsvolle Gipfeltouren, idyllische Bergseen oder beeindruckende Panoramen. Hier ist f\u00fcr jeden etwas dabei. &nbsp; ROUTEN ENTDECKEN Sch\u00f6nheiten ungest\u00f6rter Natur Zusammen mit dem Alpen-Gasthof Bad Rothenbrunnen bildet das Alpen-Chalet Partnom die Verbindung der Wanderlust im Gro\u00dfen Walsertal. &nbsp;<\/p>\n","protected":false},"author":1,"featured_media":0,"parent":0,"menu_order":0,"comment_status":"closed","ping_status":"closed","template":"visual-builder-template.php","meta":[],"_links":{"self":[{"href":"https:\/\/partnom.at\/index.php\/wp-json\/wp\/v2\/pages\/747"}],"collection":[{"href":"https:\/\/partnom.at\/index.php\/wp-json\/wp\/v2\/pages"}],"about":[{"href":"https:\/\/partnom.at\/index.php\/wp-json\/wp\/v2\/types\/page"}],"author":[{"embeddable":true,"href":"https:\/\/partnom.at\/index.php\/wp-json\/wp\/v2\/users\/1"}],"replies":[{"embeddable":true,"href":"https:\/\/partnom.at\/index.php\/wp-json\/wp\/v2\/comments?post=747"}],"version-history":[{"count":49,"href":"https:\/\/partnom.at\/index.php\/wp-json\/wp\/v2\/pages\/747\/revisions"}],"predecessor-version":[{"id":801,"href":"https:\/\/partnom.at\/index.php\/wp-json\/wp\/v2\/pages\/747\/revisions\/801"}],"wp:attachment":[{"href":"https:\/\/partnom.at\/index.php\/wp-json\/wp\/v2\/media?parent=747"}],"curies":[{"name":"wp","href":"https:\/\/api.w.org\/{rel}","templated":true}]}}