{"id":830,"date":"2018-10-12T14:04:40","date_gmt":"2018-10-12T14:04:40","guid":{"rendered":"https:\/\/partnom.at\/?page_id=830"},"modified":"2018-10-12T19:06:59","modified_gmt":"2018-10-12T19:06:59","slug":"seilbahnen","status":"publish","type":"page","link":"https:\/\/partnom.at\/index.php\/seilbahnen\/","title":{"rendered":"Seilbahnen"},"content":{"rendered":"<section   class=\"fw-main-row  auto  fw-section-position-back\"    >\n\t\t\t<div class=\"fw-container\" >\n\t\t<div class=\"fw-row\">\n\t<div id=\"column-69f26e6f80ebe\" class=\"fw-col-sm-12 tf-sh-1c1964541b047f7194c90daff082fb76\" >\n\t<div class=\"fw-wrap-col-inner clearfix  \"   >\n\t\t\t\t<div class=\"fw-col-inner\">\n\t\t\t\t\t<\/div>\n\t<\/div>\n<\/div><\/div>\n\n<div class=\"fw-row\">\n\t<div id=\"column-69f26e6f81f0c\" class=\"fw-col-sm-4 tf-sh-4cdd0ad8ce5ce3ce370b90bc08296d00  fw-animated-element\" data-animation-type=\"fadeInUp\" data-animation-delay=\"200\">\n\t<div class=\"fw-wrap-col-inner clearfix  \"   >\n\t\t\t\t<div class=\"fw-col-inner\">\n\t\t\t<div class=\"fw-text-box tf-sh-0a9ccaa8063c471a05099d7fbeab9052  fw-animated-element\"  data-animation-type=\"fadeInUp\" data-animation-delay=\"200\">\n\t<div class=\"fw-text-inner\">\n\t\t<h4>Seilbahnen Sonntag-Stein<\/h4>\n<p>Die Seilbahnen Sonntag Stein im Biosph\u00e4renpark Gro\u00dfes Walsertal schaffen im Sommer, wie auch im Winter, die Verbindung zwischen Ort und Alm. Die Montafon-Brandnertal- und die Bregenzerwald-Card sind g\u00fcltig.<\/p>\n<p>&nbsp;<\/p>\n\t<\/div>\n<\/div>\t<a href=\"https:\/\/www.vorarlberg-alpenregion.at\/de\/walsertal\/weitere-bergbahnen-im-grossen-walsertal.html\" target=\"_blank\" class=\"fw-btn tf-sh-140c9c9e3f5ea54628dcec94b37f43c3  fw-btn-md   fw-btn-side-by-side fw-animated-element fw-btn-2\"  data-animation-type=\"fadeInUp\" data-animation-delay=\"200\" rel=\"nofollow\" style=\"\">\n\t\t<span >\n\t\t\tZU DEN BETRIEBSZEITEN\t\t<\/span>\n\t<\/a>\n\t\t<\/div>\n\t<\/div>\n<\/div><div id=\"column-69f26e6f83368\" class=\"fw-col-sm-8 tf-sh-80fc42179f4bb51c14634e3d7f2e6253  fw-animated-element\" data-animation-type=\"fadeInUp\" data-animation-delay=\"200\">\n\t<div class=\"fw-wrap-col-inner clearfix  \"   >\n\t\t\t\t<div class=\"fw-col-inner\">\n\t\t\t\n\t\n\t\t<div class=\"fw-block-image-parent  fw-animated-element \"  data-animation-type=\"fadeInUp\" data-animation-delay=\"200\" style=\"width: 100%; \">\n\t\t\t<span class=\"fw-block-image-child fw-ratio-3-2 fw-ratio-container\">\n\t\t\t\t<noscript itemscope itemtype=\"https:\/\/schema.org\/ImageObject\" itemprop=\"image\"><img src=\"https:\/\/partnom.at\/wp-content\/uploads\/2018\/07\/AC_Partnom_Er\u00f6ffnungsfeier-67.2.jpg\"  alt=\"Bergwelt\" data-maxdpr=\"1.7\" class=\"lazyload\" \/><meta itemprop=\"url\" content=\"https:\/\/partnom.at\/wp-content\/uploads\/2018\/07\/AC_Partnom_Er\u00f6ffnungsfeier-67.2.jpg\"><meta itemprop=\"width\" content=\"5472\"><meta itemprop=\"height\" content=\"3648\"><\/noscript><img src=\"data:image\/gif;base64,R0lGODlhAQABAIAAAAAAAP\/\/\/yH5BAEAAAAALAAAAAABAAEAAAIBRAA7\" data-sizes=\"auto\" data-srcset=\"https:\/\/partnom.at\/wp-content\/uploads\/2018\/07\/AC_Partnom_Er\u00f6ffnungsfeier-67.2-300x200.jpg 300w, https:\/\/partnom.at\/wp-content\/uploads\/2018\/07\/AC_Partnom_Er\u00f6ffnungsfeier-67.2-768x512.jpg 768w, https:\/\/partnom.at\/wp-content\/uploads\/2018\/07\/AC_Partnom_Er\u00f6ffnungsfeier-67.2-1024x683.jpg 1024w, https:\/\/partnom.at\/wp-content\/uploads\/2018\/07\/AC_Partnom_Er\u00f6ffnungsfeier-67.2-600x400.jpg 600w, https:\/\/partnom.at\/wp-content\/uploads\/2018\/07\/AC_Partnom_Er\u00f6ffnungsfeier-67.2-1200x800.jpg 1200w, https:\/\/partnom.at\/wp-content\/uploads\/2018\/07\/AC_Partnom_Er\u00f6ffnungsfeier-67.2.jpg 5472w\"   alt=\"Bergwelt\" data-maxdpr=\"1.7\" class=\"lazyload\" \/>\t\t\t\t\t\t\t<\/span>\n\t\t<\/div>\n\n\t\n\t\t<\/div>\n\t<\/div>\n<\/div><\/div>\n\n<div class=\"fw-row\">\n\t<div id=\"column-69f26e6f85fe9\" class=\"fw-col-sm-4 tf-sh-2460835d7a21159a7e8cd11d826c4e6b  fw-animated-element\" data-animation-type=\"fadeInUp\" data-animation-delay=\"200\">\n\t<div class=\"fw-wrap-col-inner clearfix  \"   >\n\t\t\t\t<div class=\"fw-col-inner\">\n\t\t\t\n\t\n\t\t<div class=\"fw-block-image-parent  fw-animated-element \"  data-animation-type=\"fadeInUp\" data-animation-delay=\"200\" style=\"width: 100%; \">\n\t\t\t<span class=\"fw-block-image-child fw-ratio-16-9 fw-ratio-container\">\n\t\t\t\t<noscript itemscope itemtype=\"https:\/\/schema.org\/ImageObject\" itemprop=\"image\"><img src=\"https:\/\/partnom.at\/wp-content\/uploads\/2018\/07\/AC_Partnom_Er\u00f6ffnungsfeier-64.jpg\"  alt=\"Bergwelt\" data-maxdpr=\"1.7\" class=\"lazyload\" \/><meta itemprop=\"url\" content=\"https:\/\/partnom.at\/wp-content\/uploads\/2018\/07\/AC_Partnom_Er\u00f6ffnungsfeier-64.jpg\"><meta itemprop=\"width\" content=\"3992\"><meta itemprop=\"height\" content=\"2242\"><\/noscript><img src=\"data:image\/gif;base64,R0lGODlhAQABAIAAAAAAAP\/\/\/yH5BAEAAAAALAAAAAABAAEAAAIBRAA7\" data-sizes=\"auto\" data-srcset=\"https:\/\/partnom.at\/wp-content\/uploads\/2018\/07\/AC_Partnom_Er\u00f6ffnungsfeier-64-300x168.jpg 300w, https:\/\/partnom.at\/wp-content\/uploads\/2018\/07\/AC_Partnom_Er\u00f6ffnungsfeier-64-768x431.jpg 768w, https:\/\/partnom.at\/wp-content\/uploads\/2018\/07\/AC_Partnom_Er\u00f6ffnungsfeier-64-1024x575.jpg 1024w, https:\/\/partnom.at\/wp-content\/uploads\/2018\/07\/AC_Partnom_Er\u00f6ffnungsfeier-64-1920x1080.jpg 1920w, https:\/\/partnom.at\/wp-content\/uploads\/2018\/07\/AC_Partnom_Er\u00f6ffnungsfeier-64-1228x691.jpg 1228w, https:\/\/partnom.at\/wp-content\/uploads\/2018\/07\/AC_Partnom_Er\u00f6ffnungsfeier-64-614x346.jpg 614w, https:\/\/partnom.at\/wp-content\/uploads\/2018\/07\/AC_Partnom_Er\u00f6ffnungsfeier-64-295x166.jpg 295w, https:\/\/partnom.at\/wp-content\/uploads\/2018\/07\/AC_Partnom_Er\u00f6ffnungsfeier-64-590x332.jpg 590w, https:\/\/partnom.at\/wp-content\/uploads\/2018\/07\/AC_Partnom_Er\u00f6ffnungsfeier-64.jpg 3992w\"   alt=\"Bergwelt\" data-maxdpr=\"1.7\" class=\"lazyload\" \/>\t\t\t\t\t\t\t<\/span>\n\t\t<\/div>\n\n\t\n\t\t<\/div>\n\t<\/div>\n<\/div><div id=\"column-69f26e6f873ab\" class=\"fw-col-sm-8 tf-sh-fc0525a05401b72645c386aabe9e7632  fw-animated-element\" data-animation-type=\"fadeInUp\" data-animation-delay=\"200\">\n\t<div class=\"fw-wrap-col-inner clearfix  \"   >\n\t\t\t\t<div class=\"fw-col-inner\">\n\t\t\t<div class=\"fw-text-box tf-sh-06905590d0ea6352611f7fead39ed7c1  fw-animated-element\"  data-animation-type=\"fadeInUp\" data-animation-delay=\"200\">\n\t<div class=\"fw-text-inner\">\n\t\t<h4>G\u00e4stekarten Leistungen<\/h4>\n<p>Ihre \u201eEintrittskarte\u201c zur Bergwelt. Die Bregenzerwald G\u00e4ste-Card. Mit ihr k\u00f6nnen Sie nicht nur beliebig oft die Bergbahnen nutzen, sondern zudem auch umweltfreundliche Fahrten mit den \u00f6ffentlichen Bussen unternehmen oder Abk\u00fchlung in Freib\u00e4dern finden.<\/p>\n<p>&nbsp;<\/p>\n\t<\/div>\n<\/div>\t<a href=\"https:\/\/www.vorarlberg-alpenregion.at\/de\/brandnertal\/gaestekarten-leistungen.html\" target=\"_blank\" class=\"fw-btn tf-sh-7516c068d8d563ac7040ab7b7a6e8d5a  fw-btn-md   fw-btn-side-by-side fw-animated-element fw-btn-2\"  data-animation-type=\"fadeInUp\" data-animation-delay=\"200\" rel=\"nofollow\" style=\"\">\n\t\t<span >\n\t\t\tZU DEN G\u00c4STEKARTEN\t\t<\/span>\n\t<\/a>\n\t\t<\/div>\n\t<\/div>\n<\/div><\/div>\n\n\t<\/div>\n\t<\/section>\n","protected":false},"excerpt":{"rendered":"<p>Seilbahnen Sonntag-Stein Die Seilbahnen Sonntag Stein im Biosph\u00e4renpark Gro\u00dfes Walsertal schaffen im Sommer, wie auch im Winter, die Verbindung zwischen Ort und Alm. Die Montafon-Brandnertal- und die Bregenzerwald-Card sind g\u00fcltig. &nbsp; ZU DEN BETRIEBSZEITEN G\u00e4stekarten Leistungen Ihre \u201eEintrittskarte\u201c zur Bergwelt. Die Bregenzerwald G\u00e4ste-Card. Mit ihr k\u00f6nnen Sie nicht nur beliebig oft die Bergbahnen nutzen, sondern [&hellip;]<\/p>\n","protected":false},"author":1,"featured_media":0,"parent":0,"menu_order":0,"comment_status":"closed","ping_status":"closed","template":"visual-builder-template.php","meta":[],"_links":{"self":[{"href":"https:\/\/partnom.at\/index.php\/wp-json\/wp\/v2\/pages\/830"}],"collection":[{"href":"https:\/\/partnom.at\/index.php\/wp-json\/wp\/v2\/pages"}],"about":[{"href":"https:\/\/partnom.at\/index.php\/wp-json\/wp\/v2\/types\/page"}],"author":[{"embeddable":true,"href":"https:\/\/partnom.at\/index.php\/wp-json\/wp\/v2\/users\/1"}],"replies":[{"embeddable":true,"href":"https:\/\/partnom.at\/index.php\/wp-json\/wp\/v2\/comments?post=830"}],"version-history":[{"count":20,"href":"https:\/\/partnom.at\/index.php\/wp-json\/wp\/v2\/pages\/830\/revisions"}],"predecessor-version":[{"id":856,"href":"https:\/\/partnom.at\/index.php\/wp-json\/wp\/v2\/pages\/830\/revisions\/856"}],"wp:attachment":[{"href":"https:\/\/partnom.at\/index.php\/wp-json\/wp\/v2\/media?parent=830"}],"curies":[{"name":"wp","href":"https:\/\/api.w.org\/{rel}","templated":true}]}}

<section   class="fw-main-row  auto  fw-section-position-back"    >
			<div class="fw-container" >
		<div class="fw-row">
	<div id="column-69f26e6f80ebe" class="fw-col-sm-12 tf-sh-1c1964541b047f7194c90daff082fb76" >
	<div class="fw-wrap-col-inner clearfix  "   >
				<div class="fw-col-inner">
					</div>
	</div>
</div></div>

<div class="fw-row">
	<div id="column-69f26e6f81f0c" class="fw-col-sm-4 tf-sh-4cdd0ad8ce5ce3ce370b90bc08296d00  fw-animated-element" data-animation-type="fadeInUp" data-animation-delay="200">
	<div class="fw-wrap-col-inner clearfix  "   >
				<div class="fw-col-inner">
			<div class="fw-text-box tf-sh-0a9ccaa8063c471a05099d7fbeab9052  fw-animated-element"  data-animation-type="fadeInUp" data-animation-delay="200">
	<div class="fw-text-inner">
		<h4>Seilbahnen Sonntag-Stein</h4>
<p>Die Seilbahnen Sonntag Stein im Biosphärenpark Großes Walsertal schaffen im Sommer, wie auch im Winter, die Verbindung zwischen Ort und Alm. Die Montafon-Brandnertal- und die Bregenzerwald-Card sind gültig.</p>
<p>&nbsp;</p>
	</div>
</div>	<a href="https://www.vorarlberg-alpenregion.at/de/walsertal/weitere-bergbahnen-im-grossen-walsertal.html" target="_blank" class="fw-btn tf-sh-140c9c9e3f5ea54628dcec94b37f43c3  fw-btn-md   fw-btn-side-by-side fw-animated-element fw-btn-2"  data-animation-type="fadeInUp" data-animation-delay="200" rel="nofollow" style="">
		<span >
			ZU DEN BETRIEBSZEITEN		</span>
	</a>
		</div>
	</div>
</div><div id="column-69f26e6f83368" class="fw-col-sm-8 tf-sh-80fc42179f4bb51c14634e3d7f2e6253  fw-animated-element" data-animation-type="fadeInUp" data-animation-delay="200">
	<div class="fw-wrap-col-inner clearfix  "   >
				<div class="fw-col-inner">
			
	
		<div class="fw-block-image-parent  fw-animated-element "  data-animation-type="fadeInUp" data-animation-delay="200" style="width: 100%; ">
			<span class="fw-block-image-child fw-ratio-3-2 fw-ratio-container">
				<noscript itemscope itemtype="https://schema.org/ImageObject" itemprop="image"><img src="https://partnom.at/wp-content/uploads/2018/07/AC_Partnom_Eröffnungsfeier-67.2.jpg"  alt="Bergwelt" data-maxdpr="1.7" class="lazyload" /><meta itemprop="url" content="https://partnom.at/wp-content/uploads/2018/07/AC_Partnom_Eröffnungsfeier-67.2.jpg"><meta itemprop="width" content="5472"><meta itemprop="height" content="3648"></noscript><img src="data:image/gif;base64,R0lGODlhAQABAIAAAAAAAP///yH5BAEAAAAALAAAAAABAAEAAAIBRAA7" data-sizes="auto" data-srcset="https://partnom.at/wp-content/uploads/2018/07/AC_Partnom_Eröffnungsfeier-67.2-300x200.jpg 300w, https://partnom.at/wp-content/uploads/2018/07/AC_Partnom_Eröffnungsfeier-67.2-768x512.jpg 768w, https://partnom.at/wp-content/uploads/2018/07/AC_Partnom_Eröffnungsfeier-67.2-1024x683.jpg 1024w, https://partnom.at/wp-content/uploads/2018/07/AC_Partnom_Eröffnungsfeier-67.2-600x400.jpg 600w, https://partnom.at/wp-content/uploads/2018/07/AC_Partnom_Eröffnungsfeier-67.2-1200x800.jpg 1200w, https://partnom.at/wp-content/uploads/2018/07/AC_Partnom_Eröffnungsfeier-67.2.jpg 5472w"   alt="Bergwelt" data-maxdpr="1.7" class="lazyload" />							</span>
		</div>

	
		</div>
	</div>
</div></div>

<div class="fw-row">
	<div id="column-69f26e6f85fe9" class="fw-col-sm-4 tf-sh-2460835d7a21159a7e8cd11d826c4e6b  fw-animated-element" data-animation-type="fadeInUp" data-animation-delay="200">
	<div class="fw-wrap-col-inner clearfix  "   >
				<div class="fw-col-inner">
			
	
		<div class="fw-block-image-parent  fw-animated-element "  data-animation-type="fadeInUp" data-animation-delay="200" style="width: 100%; ">
			<span class="fw-block-image-child fw-ratio-16-9 fw-ratio-container">
				<noscript itemscope itemtype="https://schema.org/ImageObject" itemprop="image"><img src="https://partnom.at/wp-content/uploads/2018/07/AC_Partnom_Eröffnungsfeier-64.jpg"  alt="Bergwelt" data-maxdpr="1.7" class="lazyload" /><meta itemprop="url" content="https://partnom.at/wp-content/uploads/2018/07/AC_Partnom_Eröffnungsfeier-64.jpg"><meta itemprop="width" content="3992"><meta itemprop="height" content="2242"></noscript><img src="data:image/gif;base64,R0lGODlhAQABAIAAAAAAAP///yH5BAEAAAAALAAAAAABAAEAAAIBRAA7" data-sizes="auto" data-srcset="https://partnom.at/wp-content/uploads/2018/07/AC_Partnom_Eröffnungsfeier-64-300x168.jpg 300w, https://partnom.at/wp-content/uploads/2018/07/AC_Partnom_Eröffnungsfeier-64-768x431.jpg 768w, https://partnom.at/wp-content/uploads/2018/07/AC_Partnom_Eröffnungsfeier-64-1024x575.jpg 1024w, https://partnom.at/wp-content/uploads/2018/07/AC_Partnom_Eröffnungsfeier-64-1920x1080.jpg 1920w, https://partnom.at/wp-content/uploads/2018/07/AC_Partnom_Eröffnungsfeier-64-1228x691.jpg 1228w, https://partnom.at/wp-content/uploads/2018/07/AC_Partnom_Eröffnungsfeier-64-614x346.jpg 614w, https://partnom.at/wp-content/uploads/2018/07/AC_Partnom_Eröffnungsfeier-64-295x166.jpg 295w, https://partnom.at/wp-content/uploads/2018/07/AC_Partnom_Eröffnungsfeier-64-590x332.jpg 590w, https://partnom.at/wp-content/uploads/2018/07/AC_Partnom_Eröffnungsfeier-64.jpg 3992w"   alt="Bergwelt" data-maxdpr="1.7" class="lazyload" />							</span>
		</div>

	
		</div>
	</div>
</div><div id="column-69f26e6f873ab" class="fw-col-sm-8 tf-sh-fc0525a05401b72645c386aabe9e7632  fw-animated-element" data-animation-type="fadeInUp" data-animation-delay="200">
	<div class="fw-wrap-col-inner clearfix  "   >
				<div class="fw-col-inner">
			<div class="fw-text-box tf-sh-06905590d0ea6352611f7fead39ed7c1  fw-animated-element"  data-animation-type="fadeInUp" data-animation-delay="200">
	<div class="fw-text-inner">
		<h4>Gästekarten Leistungen</h4>
<p>Ihre „Eintrittskarte“ zur Bergwelt. Die Bregenzerwald Gäste-Card. Mit ihr können Sie nicht nur beliebig oft die Bergbahnen nutzen, sondern zudem auch umweltfreundliche Fahrten mit den öffentlichen Bussen unternehmen oder Abkühlung in Freibädern finden.</p>
<p>&nbsp;</p>
	</div>
</div>	<a href="https://www.vorarlberg-alpenregion.at/de/brandnertal/gaestekarten-leistungen.html" target="_blank" class="fw-btn tf-sh-7516c068d8d563ac7040ab7b7a6e8d5a  fw-btn-md   fw-btn-side-by-side fw-animated-element fw-btn-2"  data-animation-type="fadeInUp" data-animation-delay="200" rel="nofollow" style="">
		<span >
			ZU DEN GÄSTEKARTEN		</span>
	</a>
		</div>
	</div>
</div></div>

	</div>
	</section>

<p>Seilbahnen Sonntag-Stein Die Seilbahnen Sonntag Stein im Biosphärenpark Großes Walsertal schaffen im Sommer, wie auch im Winter, die Verbindung zwischen Ort und Alm. Die Montafon-Brandnertal- und die Bregenzerwald-Card sind gültig. &nbsp; ZU DEN BETRIEBSZEITEN Gästekarten Leistungen Ihre „Eintrittskarte“ zur Bergwelt. Die Bregenzerwald Gäste-Card. Mit ihr können Sie nicht nur beliebig oft die Bergbahnen nutzen, sondern [&hellip;]</p>
